{"version":"1.0","provider_name":"Bernd Braun","provider_url":"https:\/\/www.berndbraun.eu\/dk","author_name":"Bernd","author_url":"https:\/\/www.berndbraun.eu\/dk\/author\/bernd\/","title":"L'Occident donne plus de marge de man\u0153uvre \u00e0 son adversaire : l'islam radical","type":"rich","width":600,"height":338,"html":"<blockquote class=\"wp-embedded-content\" data-secret=\"1dMaqcIA2W\"><a href=\"https:\/\/www.berndbraun.eu\/dk\/hello-world\/\">Vesten giver sin modstander, den radikale islam, st\u00f8rre man\u00f8vrerum<\/a><\/blockquote><iframe sandbox=\"allow-scripts\" security=\"restricted\" src=\"https:\/\/www.berndbraun.eu\/dk\/hello-world\/embed\/#?secret=1dMaqcIA2W\" width=\"600\" height=\"338\" title=\"&#8220;L&#039;Occident donne plus de marge de man\u0153uvre \u00e0 son adversaire : l&#039;islam radical&#8221; &#8211; Bernd Braun\" data-secret=\"1dMaqcIA2W\" frameborder=\"0\" marginwidth=\"0\" marginheight=\"0\" scrolling=\"no\" class=\"wp-embedded-content\"><\/iframe><script>\n\/*! This file is auto-generated *\/\n!function(d,l){\"use strict\";l.querySelector&&d.addEventListener&&\"undefined\"!=typeof URL&&(d.wp=d.wp||{},d.wp.receiveEmbedMessage||(d.wp.receiveEmbedMessage=function(e){var t=e.data;if((t||t.secret||t.message||t.value)&&!\/[^a-zA-Z0-9]\/.test(t.secret)){for(var s,r,n,a=l.querySelectorAll('iframe[data-secret=\"'+t.secret+'\"]'),o=l.querySelectorAll('blockquote[data-secret=\"'+t.secret+'\"]'),c=new RegExp(\"^https?:$\",\"i\"),i=0;i<o.length;i++)o[i].style.display=\"none\";for(i=0;i<a.length;i++)s=a[i],e.source===s.contentWindow&&(s.removeAttribute(\"style\"),\"height\"===t.message?(1e3<(r=parseInt(t.value,10))?r=1e3:~~r<200&&(r=200),s.height=r):\"link\"===t.message&&(r=new URL(s.getAttribute(\"src\")),n=new URL(t.value),c.test(n.protocol))&&n.host===r.host&&l.activeElement===s&&(d.top.location.href=t.value))}},d.addEventListener(\"message\",d.wp.receiveEmbedMessage,!1),l.addEventListener(\"DOMContentLoaded\",function(){for(var e,t,s=l.querySelectorAll(\"iframe.wp-embedded-content\"),r=0;r<s.length;r++)(t=(e=s[r]).getAttribute(\"data-secret\"))||(t=Math.random().toString(36).substring(2,12),e.src+=\"#?secret=\"+t,e.setAttribute(\"data-secret\",t)),e.contentWindow.postMessage({message:\"ready\",secret:t},\"*\")},!1)))}(window,document);\n\/\/# sourceURL=https:\/\/www.berndbraun.eu\/wp-includes\/js\/wp-embed.min.js\n<\/script>","thumbnail_url":"https:\/\/www.berndbraun.eu\/wp-content\/uploads\/2021\/11\/AdobeStock_452304684_Satellite-view-of-Kabul-airport-Hamid-Karzai-International-Airport-houses-streets-and-buildings-in-the-neighboring-area.-Evacuation-of-refugees-Afghanistan.-Nasa-image-scaled.jpeg","thumbnail_width":2560,"thumbnail_height":1521,"description":"&nbsp;&nbsp;&nbsp;&nbsp;&nbsp;&nbsp;&nbsp;&nbsp;&nbsp;&nbsp;&nbsp; De nos jours, en Occident, la soci\u00e9t\u00e9 est confront\u00e9e \u00e0 un ph\u00e9nom\u00e8ne de plus en plus pr\u00e9occupant, qui est celui de l'islam radical. Les interrogations concernent de plus en plus les solutions pour y faire face[1]. Cependant, beaucoup de personnalit\u00e9s issues des milieux m\u00e9diatiques, politiques et acad\u00e9miques abordent ces probl\u00e8mes sans analyser toutefois les [&hellip;]"}

L'Occident donne plus de marge de manœuvre à son adversaire : l'islam radical

<blockquote class="wp-embedded-content" data-secret="1dMaqcIA2W"><a href="https://www.berndbraun.eu/dk/hello-world/">Vesten giver sin modstander, den radikale islam, større manøvrerum</a></blockquote><iframe sandbox="allow-scripts" security="restricted" src="https://www.berndbraun.eu/dk/hello-world/embed/#?secret=1dMaqcIA2W" width="600" height="338" title="&#8220;L&#039;Occident donne plus de marge de manœuvre à son adversaire : l&#039;islam radical&#8221; &#8211; Bernd Braun" data-secret="1dMaqcIA2W" frameborder="0" marginwidth="0" marginheight="0" scrolling="no" class="wp-embedded-content"></iframe><script>
/*! This file is auto-generated */
!function(d,l){"use strict";l.querySelector&&d.addEventListener&&"undefined"!=typeof URL&&(d.wp=d.wp||{},d.wp.receiveEmbedMessage||(d.wp.receiveEmbedMessage=function(e){var t=e.data;if((t||t.secret||t.message||t.value)&&!/[^a-zA-Z0-9]/.test(t.secret)){for(var s,r,n,a=l.querySelectorAll('iframe[data-secret="'+t.secret+'"]'),o=l.querySelectorAll('blockquote[data-secret="'+t.secret+'"]'),c=new RegExp("^https?:$","i"),i=0;i<o.length;i++)o[i].style.display="none";for(i=0;i<a.length;i++)s=a[i],e.source===s.contentWindow&&(s.removeAttribute("style"),"height"===t.message?(1e3<(r=parseInt(t.value,10))?r=1e3:~~r<200&&(r=200),s.height=r):"link"===t.message&&(r=new URL(s.getAttribute("src")),n=new URL(t.value),c.test(n.protocol))&&n.host===r.host&&l.activeElement===s&&(d.top.location.href=t.value))}},d.addEventListener("message",d.wp.receiveEmbedMessage,!1),l.addEventListener("DOMContentLoaded",function(){for(var e,t,s=l.querySelectorAll("iframe.wp-embedded-content"),r=0;r<s.length;r++)(t=(e=s[r]).getAttribute("data-secret"))||(t=Math.random().toString(36).substring(2,12),e.src+="#?secret="+t,e.setAttribute("data-secret",t)),e.contentWindow.postMessage({message:"ready",secret:t},"*")},!1)))}(window,document);
//# sourceURL=https://www.berndbraun.eu/wp-includes/js/wp-embed.min.js
</script>

&nbsp;&nbsp;&nbsp;&nbsp;&nbsp;&nbsp;&nbsp;&nbsp;&nbsp;&nbsp;&nbsp; De nos jours, en Occident, la société est confrontée à un phénomène de plus en plus préoccupant, qui est celui de l'islam radical. Les interrogations concernent de plus en plus les solutions pour y faire face[1]. Cependant, beaucoup de personnalités issues des milieux médiatiques, politiques et académiques abordent ces problèmes sans analyser toutefois les [&hellip;]
