{"version":"1.0","provider_name":"Bernd Braun","provider_url":"https:\/\/www.berndbraun.eu\/hu","author_name":"Bernd","author_url":"https:\/\/www.berndbraun.eu\/hu\/author\/bernd\/","title":"Relation Qatar-Iran-Turquie : un trio d'acteurs r\u00e9gionaux","type":"rich","width":600,"height":338,"html":"<blockquote class=\"wp-embedded-content\" data-secret=\"OMLFoxSRvO\"><a href=\"https:\/\/www.berndbraun.eu\/hu\/relation-qatar-iran-turquie-un-trio-dacteurs-regionaux\/\">Katar-Ir\u00e1n-T\u00f6r\u00f6korsz\u00e1g kapcsolatok: a region\u00e1lis szerepl\u0151k h\u00e1rmasa<\/a><\/blockquote><iframe sandbox=\"allow-scripts\" security=\"restricted\" src=\"https:\/\/www.berndbraun.eu\/hu\/relation-qatar-iran-turquie-un-trio-dacteurs-regionaux\/embed\/#?secret=OMLFoxSRvO\" width=\"600\" height=\"338\" title=\"&#8220;Relation Qatar-Iran-Turquie : un trio d&#039;acteurs r\u00e9gionaux&#8221; &#8212; Bernd Braun\" data-secret=\"OMLFoxSRvO\" frameborder=\"0\" marginwidth=\"0\" marginheight=\"0\" scrolling=\"no\" class=\"wp-embedded-content\"><\/iframe><script>\n\/*! This file is auto-generated *\/\n!function(d,l){\"use strict\";l.querySelector&&d.addEventListener&&\"undefined\"!=typeof URL&&(d.wp=d.wp||{},d.wp.receiveEmbedMessage||(d.wp.receiveEmbedMessage=function(e){var t=e.data;if((t||t.secret||t.message||t.value)&&!\/[^a-zA-Z0-9]\/.test(t.secret)){for(var s,r,n,a=l.querySelectorAll('iframe[data-secret=\"'+t.secret+'\"]'),o=l.querySelectorAll('blockquote[data-secret=\"'+t.secret+'\"]'),c=new RegExp(\"^https?:$\",\"i\"),i=0;i<o.length;i++)o[i].style.display=\"none\";for(i=0;i<a.length;i++)s=a[i],e.source===s.contentWindow&&(s.removeAttribute(\"style\"),\"height\"===t.message?(1e3<(r=parseInt(t.value,10))?r=1e3:~~r<200&&(r=200),s.height=r):\"link\"===t.message&&(r=new URL(s.getAttribute(\"src\")),n=new URL(t.value),c.test(n.protocol))&&n.host===r.host&&l.activeElement===s&&(d.top.location.href=t.value))}},d.addEventListener(\"message\",d.wp.receiveEmbedMessage,!1),l.addEventListener(\"DOMContentLoaded\",function(){for(var e,t,s=l.querySelectorAll(\"iframe.wp-embedded-content\"),r=0;r<s.length;r++)(t=(e=s[r]).getAttribute(\"data-secret\"))||(t=Math.random().toString(36).substring(2,12),e.src+=\"#?secret=\"+t,e.setAttribute(\"data-secret\",t)),e.contentWindow.postMessage({message:\"ready\",secret:t},\"*\")},!1)))}(window,document);\n\/\/# sourceURL=https:\/\/www.berndbraun.eu\/wp-includes\/js\/wp-embed.min.js\n<\/script>","thumbnail_url":"https:\/\/www.berndbraun.eu\/wp-content\/uploads\/2022\/08\/dreamstime_m_158225103-1024x683.jpg","thumbnail_width":1024,"thumbnail_height":683,"description":"&nbsp;&nbsp;&nbsp;&nbsp;&nbsp;&nbsp;&nbsp;&nbsp;&nbsp;&nbsp;&nbsp; Malgr\u00e9 la fin de l'embargo saoudien de 2017-2021, les relations Doha-T\u00e9h\u00e9ran se sont maintenues et approfondies. Il en est de m\u00eame pour celles entre Doha et Ankara[1]. &nbsp;&nbsp;&nbsp;&nbsp;&nbsp;&nbsp;&nbsp;&nbsp;&nbsp;&nbsp;&nbsp; Dans le cas de la Turquie, Ankara a \u00e9largi la capacit\u00e9 de sa base militaire \u00e0 Doha et y a d\u00e9ploy\u00e9 plus de&nbsp;5 000 soldats[2]. Plusieurs [&hellip;]"}

Relation Qatar-Iran-Turquie : un trio d'acteurs régionaux

<blockquote class="wp-embedded-content" data-secret="OMLFoxSRvO"><a href="https://www.berndbraun.eu/hu/relation-qatar-iran-turquie-un-trio-dacteurs-regionaux/">Katar-Irán-Törökország kapcsolatok: a regionális szereplők hármasa</a></blockquote><iframe sandbox="allow-scripts" security="restricted" src="https://www.berndbraun.eu/hu/relation-qatar-iran-turquie-un-trio-dacteurs-regionaux/embed/#?secret=OMLFoxSRvO" width="600" height="338" title="&#8220;Relation Qatar-Iran-Turquie : un trio d&#039;acteurs régionaux&#8221; &#8212; Bernd Braun" data-secret="OMLFoxSRvO" frameborder="0" marginwidth="0" marginheight="0" scrolling="no" class="wp-embedded-content"></iframe><script>
/*! This file is auto-generated */
!function(d,l){"use strict";l.querySelector&&d.addEventListener&&"undefined"!=typeof URL&&(d.wp=d.wp||{},d.wp.receiveEmbedMessage||(d.wp.receiveEmbedMessage=function(e){var t=e.data;if((t||t.secret||t.message||t.value)&&!/[^a-zA-Z0-9]/.test(t.secret)){for(var s,r,n,a=l.querySelectorAll('iframe[data-secret="'+t.secret+'"]'),o=l.querySelectorAll('blockquote[data-secret="'+t.secret+'"]'),c=new RegExp("^https?:$","i"),i=0;i<o.length;i++)o[i].style.display="none";for(i=0;i<a.length;i++)s=a[i],e.source===s.contentWindow&&(s.removeAttribute("style"),"height"===t.message?(1e3<(r=parseInt(t.value,10))?r=1e3:~~r<200&&(r=200),s.height=r):"link"===t.message&&(r=new URL(s.getAttribute("src")),n=new URL(t.value),c.test(n.protocol))&&n.host===r.host&&l.activeElement===s&&(d.top.location.href=t.value))}},d.addEventListener("message",d.wp.receiveEmbedMessage,!1),l.addEventListener("DOMContentLoaded",function(){for(var e,t,s=l.querySelectorAll("iframe.wp-embedded-content"),r=0;r<s.length;r++)(t=(e=s[r]).getAttribute("data-secret"))||(t=Math.random().toString(36).substring(2,12),e.src+="#?secret="+t,e.setAttribute("data-secret",t)),e.contentWindow.postMessage({message:"ready",secret:t},"*")},!1)))}(window,document);
//# sourceURL=https://www.berndbraun.eu/wp-includes/js/wp-embed.min.js
</script>

&nbsp;&nbsp;&nbsp;&nbsp;&nbsp;&nbsp;&nbsp;&nbsp;&nbsp;&nbsp;&nbsp; Malgré la fin de l'embargo saoudien de 2017-2021, les relations Doha-Téhéran se sont maintenues et approfondies. Il en est de même pour celles entre Doha et Ankara[1]. &nbsp;&nbsp;&nbsp;&nbsp;&nbsp;&nbsp;&nbsp;&nbsp;&nbsp;&nbsp;&nbsp; Dans le cas de la Turquie, Ankara a élargi la capacité de sa base militaire à Doha et y a déployé plus de&nbsp;5 000 soldats[2]. Plusieurs [&hellip;]
